the second derivative of -o**6/120 + o**5/10 - 5*o**4/24 - 2*o**3/3 - o**2/2 + 2*o. Let j(r) be the first derivative of i(r). Give j(5).
-4
Let p(w) be the third derivative of 0 - w**2 + 1/2*w**3 + 0*w - 1/24*w**4. Let h be 20*((-4)/16)/(-1). Calculate p(h).
-2
Let l(c) be the second derivative of -c**3/6 - c**2 - 13*c. What is l(4)?
-6
Let u(h) = -7*h**2 - 9*h + 4. Let m be (-21)/(-15) + 2/(-5). Let l be (7/3)/(m/(-3)). Let w(g) = 8*g**2 + 10*g - 4. Let b(f) = l*u(f) - 6*w(f). Determine b(-3).
-4
Let k(o) = -o**3 - 3*o**2 + 7*o + 5. Let n be (1 - 0)*(11 + -6). Suppose 0 = -2*d - 4*a + 4, n*d + 0*a = -a - 17. What is k(d)?
-7
Let b = -9 + -1. Let s = -9 - b. Let z(c) be the second derivative of -3*c**5/20 + c**3/3 - c**2/2 - 3*c. Give z(s).
-2
Let y(s) = 2*s**2 - 4*s - 1. Suppose -3*h - h = -36. Let b be (6/h)/((-2)/15). Let v = b - -8. Give y(v).
5
Let u be (-20)/8*(0 - -2). Let j(n) be the second derivative of -n**3/3 - n**2/2 - 6*n. Determine j(u).
9
Let l(o) = 3. Let s be (5 + -4)/(2/6). Let c(f) be the second derivative of -f**3/6 + 2*f**2 - 3*f. Let m(x) = s*l(x) - 2*c(x). Give m(-4).
-7
Let p = -6 - -1. Let n = 1 + 1. Let v(r) = r**2 + 5*r + 6. Let t(y) = -4*y**2 - 19*y - 24. Let c(i) = n*t(i) + 9*v(i). Give c(p).
-4
Let t(j) = j - 2. Let y be t(7). Let r(s) = -5*s - 2. Let i(k) = -k - 1. Let d(m) = 1. Let p(c) = -3*d(c) - 4*i(c). Let o(f) = y*r(f) + 6*p(f). Give o(0).
-4
Let a be (-17)/4 + 2/8. Let d(y) = -47 + 0*y**2 + y**2 + 45 + y. Determine d(a).
10
Let s(t) = -3 + 3 + 3 - t - 6. Determine s(4).
-7
Let n(w) = -w. Let x(i) = i + 2. Let g(q) = -3*n(q) + x(q). What is g(-3)?
-10
Let m = -12 + 3. Let h be 1/(-3) + 15/m. Let d(p) = 2*p**3 - p**2 - p - 2. Let s(q) = q**2. Let a(l) = d(l) + 4*s(l). Give a(h).
-4
Let s(q) = 4*q - 2. Let a be s(1). Let u(m) = m**2 - 2. Determine u(a).
2
Let u(x) be the first derivative of 3*x**2/2 - 3*x - 26. Give u(-4).
-15
Let c(v) = v + 1. Let o(k) be the third derivative of k**4/24 + k**3 + 3*k**2. Let d be o(-6). Determine c(d).
1
Let h(c) = c**3 + 5*c**2 - c + 2. Let r be ((-3)/5)/(1/(-5)). Suppose i - 3*i = 2*y + 20, 0 = 3*i - r*y. Determine h(i).
7
Let g be 2/((-9)/(-15) - 1). Let c(q) = 3 + 5*q - 4*q + 1. Give c(g).
-1
Let c = 83 + -74. Let w(j) = j**3 - 10*j**2 + 11*j - 11. Give w(c).
7
Let u(k) = -k**2 - 7*k + 2. Let w be u(-7). Suppose 2 = -w*r - 0. Let z(m) = -2*m**3 + 7*m**3 - m**2 - 4*m**2 + 4*m**2 + 1. Determine z(r).
-5
Let t(h) = h - 8. Let c(l) = -l**2 + 5*l + 1. Let q be c(6). Let y = q + 11. Determine t(y).
-2
Let m = -14 + 16. Let w(r) = 2*r**3 + 5*r**2 + r. Let t(y) = 3*y**3 + 9*y**2 + 2*y. Let s(b) = b + 3. Let c be s(0). Let x(z) = c*t(z) - 5*w(z). Calculate x(m).
2
Let c(k) be the first derivative of -k**2/2 - k + 7. Give c(-4).
3
Let j be 4/26 - 105/91. Let b = j + 1. Let n(d) = d**3 - d**2 - d - 4. Determine n(b).
-4
Let w(d) = 2*d**2 + 3*d + 1 - 1. Suppose 0 = -14*b - b - 30. Give w(b).
2
Suppose 2*z + 15 = 5. Let b(c) = c**2 + 6*c + 3. Determine b(z).
-2
Let q(x) be the third derivative of x**4/8 - 3*x**3/2 - 5*x**2. Let o = 12 + -6. Give q(o).
9
Let f(s) = -4*s**2 + s - 2. Let i(d) = d**2 + 1. Let t(k) = -2*f(k) - 7*i(k). Let q be 3 + ((-2)/3)/(22/165). Determine t(q).
5
Let j(f) = 9*f + 9. Let l(c) = 4*c + 4. Let q(k) = 2*j(k) - 5*l(k). Give q(3).
-8
Let d(y) = 2 + 6*y**2 + 6*y + y - 3*y - 7*y**2. Let w = 1 - 3. Let a be (-2)/(2/10*w). What is d(a)?
-3
Suppose 0*v = -2*v + 2. Let p be 6*((-4)/6 + v). Suppose z = -p*z + 6. Let j(u) = u**3 - 3*u**2 + 4*u - 3. Give j(z).
1
Let j(z) = 2*z**2 - 1. Let l be j(-1). Let o be (-2 - l)*(-20)/12. Let g = o - 5. Let w(a) = -a + 3. What is w(g)?
3
Let m(j) = -j + 9. Let i be m(7). Let w(h) = 24*h**i + 3*h - 20*h**2 - 4*h + h**3 + 5*h. What is w(-3)?
-3
Let l(p) be the first derivative of p**3/3 - p**2 - 5*p - 1. Suppose 24 = 5*r - 2*v, 2*r - 6 = -r - 3*v. Give l(r).
3
Let j(m) = -m**2 - 4*m - 4. Let k(s) = -s**3 - 5*s**2 + 7*s + 8. Let f be k(-6). Suppose f*u + 12 = -u. Determine j(u).
-4
Let k = 47 - 42. Let i(l) = l**2 - 6*l - 2. Calculate i(k).
-7
Let x(m) = -17 + 40 - 17 - 2*m. Determine x(4).
-2
Suppose 3*y = -0*y. Let j(r) be the first derivative of -r**7/840 - r**6/360 - r**4/6 + r**3 + 11. Let x(k) be the third derivative of j(k). Give x(y).
-4
Let k(u) = -6*u + 2. Let q(s) = 17*s - 5. Let f(l) = -8*k(l) - 3*q(l). Suppose -2*d = n + 1 - 3, 12 = -n + 5*d. Calculate f(n).
5
Let k(f) = -f**3 - 8*f**2 - 5*f + 10. Let x be 2 - (6 + -1 + 4). Give k(x).
-4
Let p(s) = -5*s**2 + 6*s + 1. Let t(w) = -11*w**2 + 13*w + 2. Suppose -4 + 28 = -4*l. Let z(v) = l*t(v) + 13*p(v). Calculate z(0).
1
Let b(h) = -h**3 - 8*h**2 - 7*h. Let v(n) be the second derivative of -n**3/3 + 11*n**2/2 - 3*n. Let t be v(9). Calculate b(t).
0
Let m = -16 - -14. Suppose 0 = 2*p + 3 + 1. Let y be 1/(p/(m + 0)). Let v(i) = 10*i**3 - i**2 + 2*i - 1. Give v(y).
10
Let m(t) = 6*t + 3. Let d(u) = -5*u - 2. Let h(b) = 5*d(b) + 4*m(b). Let i(j) = -j + 4. Let c(w) = w + 13. Let y be c(-4). Let a be i(y). Determine h(a).
7
Let y(o) = 0 + 6*o + o**2 - 2*o - 5 + 7. Give y(-5).
7
Let f(d) = -d**3 - 5*d**2 - 3*d + 1. Let g = -11 - -7. Calculate f(g).
-3
Let z(n) = n**3 - 9*n**2 + 8*n + 6. Suppose 0 = -3*m + m - 3*v + 4, -4*m - v + 28 = 0. Give z(m).
6
Let r(j) be the first derivative of j**4/4 - j**3/3 - j**2/2 - 2*j + 34. Let y = 6 - 4. Give r(y).
0
Let n(f) be the third derivative of f**5/60 - 5*f**4/24 - 3*f**3/2 - 26*f**2. Give n(7).
5
Let x(g) be the second derivative of -1/360*g**6 + 1/6*g**3 + 0*g**2 + 3*g + 0*g**4 + 1/120*g**5 + 0. Let y(s) be the second derivative of x(s). Give y(3).
-6
Let g(a) = -a**3 - 3*a**2 + a - 3. Let r = 73 + -44. Suppose -l - 3 = 0, 6*k + 3*l = k - r. What is g(k)?
9
Let m be (-10)/4*6/3. Let b(q) be the third derivative of -q**7/5040 - q**6/80 - q**5/60 + q**2. Let n(w) be the third derivative of b(w). Give n(m).
-4
Let c(b) = -b**3 + 5*b**2 + 8*b - 3. Suppose 4*q - 6 = 3*q. Give c(q).
9
Let b(w) = 2*w - 38. Let t be b(16). Let p(l) = 3*l**2 + 6*l + 2*l**2 - 4*l**2. Determine p(t).
0
Let x be ((-3)/2)/(33/(-44)). Let k(v) = 12*v**3 + 2*v + 1 - v - 2*v**3 + v**2 - x. Suppose 0*h + 4*h = p + 8, 0 = 4*h - 4*p - 20. Give k(h).
11
Let h = -6 - -10. Let y(t) = -t**3 + 7*t**2 + 8. Let i be y(7). Let n(z) = -i*z + z**2 + 3*z + 0*z**2 - 5. Give n(h).
-9
Let k(w) = 1 + 5*w - 3*w - w. Let y be (-102)/(-42) + (-3)/7. Let g be y - (-4 - 2)/3. What is k(g)?
5
Let z = -6 - -6. Suppose 0 = u - 2, 2*d + z*u = -4*u + 14. Let p(l) = -l - 3. What is p(d)?
-6
Suppose -4*d - 2*d = -42. Let m(b) = b**3 - 7*b**2 + 2*b - 9. Give m(d).
5
Let l(x) = -1 - 4*x + 3*x - x - 5*x**2. Let g = 4 + -5. What is l(g)?
-4
Let v = 29 + -33. Let h(t) = 3*t**2 - 4*t - 1 - 2*t - 5*t**2. What is h(v)?
-9
Let x(z) be the first derivative of -z - 2 + 1/3*z**3 - 1/2*z**2. Let h = -1 - 0. Calculate x(h).
1
Let n(h) = -2*h**2 - 3*h + 2. Let c(s) = -3*s**3 - s**2 + 2*s. Let z be c(-2). Let y = 13 - z. Give n(y).
-7
Let t = 35 + -30. Let m(l) = l**2. Let a be m(0). Let j = t - a. Let o(d) = d**2 - 4*d - 5. Calculate o(j).
0
Suppose 0*o - 5*o + 20 = 3*g, -5*g = -o - 24. Let n(y) = -3*y - 3. Determine n(g).
-18
Let l(v) be the third derivative of -v**6/120 + v**5/12 + 5*v**4/24 - 7*v**3/6 - 10*v**2. Determine l(6).
-13
Let b(j) = 3*j**3 - 2*j**2 - j. Let x be ((-6)/2)/3 + -1. Let c = 1 + x. Give b(c).
-4
Let h(x) = -x**3 + 1. Let d(p) = p - 2. Let w(z) = -2*d(z) - 3*h(z). Give w(1).
2
Let t(o) = o**3 + 4*o**2 + 4*o + 3. Let g be 6/2 + (-1 - -2). Suppose -x = -5*l, 0 = -g*l + 3*l + x. Suppose 2*b + b + 9 = l. Give t(b).
0
Let j(f) = f**2 - 3*f + 3. Suppose v + 2*v + 12 = 0. Let p be v*1/(-2) + 4. Suppose 14 = 4*l + p. Give j(l).
1
Let p be (-22)/4 + (-15)/30. Let f(j) = j**3 + 7*j**2 + 6*j + 5. What is f(p)?
5
Let k(y) = y**2 + 0*y + 4*y - 6*y + y. Suppose -2*s + 0*s + 6 = 0. Give k(s).
6
Let z = 37 - 36. Let j(u) = 4*u**2 - 1. Determine j(z).
3
Let x(a) = -2*a + 7. Let p(r) = 8*r + 2. Let d(s) = 17*s + 4. Let f(o) = 4*d(o) - 9*p(o). Let k be f(-2). What is x(k)?
-5
Suppose 3*s - 3 = 3. Let y(k) = 0 - k**2 + 3*k + 2 - 3*k. Calculate y(s).
-2
Let p(l) be the third derivative of -l**6/60 - l**4/12 + l**3/6 + 2*l**2. Give p(1).
-3
Let a(s) be the second derivative of 1/2*s**2 + 0 + 17/6*s**3 - 2*